f 10777?
13, 829
What are the prime factors of 1130?
2, 5, 113
List the prime factors of 12939.
3, 19, 227
What are the prime factors of 20282?
2, 10141
List the prime factors of 1743.
3, 7, 83
What are the prime factors of 1759?
1759
List the prime factors of 15549.
3, 71, 73
What are the prime factors of 6964?
2, 1741
What are the prime factors of 1289?
1289
List the prime factors of 2088.
2, 3, 29
What are the prime factors of 59211?
3, 17, 43
List the prime factors of 102683.
7, 14669
List the prime factors of 136025.
5, 5441
List the prime factors of 8934.
2, 3, 1489
List the prime factors of 742.
2, 7, 53
List the prime factors of 2472.
2, 3, 103
List the prime factors of 15087.
3, 47, 107
What are the prime factors of 565?
5, 113
What are the prime factors of 1959?
3, 653
List the prime factors of 129347.
129347
List the prime factors of 578.
2, 17
What are the prime factors of 17235?
3, 5, 383
What are the prime factors of 91388?
2, 11, 31, 67
List the prime factors of 18936.
2, 3, 263
What are the prime factors of 119196?
2, 3, 7, 11, 43
What are the prime factors of 16134?
2, 3, 2689
List the prime factors of 2458.
2, 1229
What are the prime factors of 6790?
2, 5, 7, 97
List the prime factors of 10889.
10889
List the prime factors of 7771.
19, 409
What are the prime factors of 18508?
2, 7, 661
What are the prime factors of 91904?
2, 359
List the prime factors of 10143.
3, 7, 23
What are the prime factors of 983?
983
What are the prime factors of 3561?
3, 1187
What are the prime factors of 1286?
2, 643
List the prime factors of 14057.
14057
What are the prime factors of 413?
7, 59
What are the prime factors of 2282?
2, 7, 163
List the prime factors of 87278.
2, 17, 151
What are the prime factors of 77268?
2, 3, 47, 137
What are the prime factors of 5242?
2, 2621
List the prime factors of 525.
3, 5, 7
What are the prime factors of 44842?
2, 7, 3203
What are the prime factors of 1079?
13, 83
What are the prime factors of 43465?
5, 8693
What are the prime factors of 24249?
3, 59, 137
What are the prime factors of 1052?
2, 263
List the prime factors of 501.
3, 167
What are the prime factors of 34256?
2, 2141
What are the prime factors of 2124?
2, 3, 59
List the prime factors of 4.
2
What are the prime factors of 3376?
2, 211
List the prime factors of 1774.
2, 887
List the prime factors of 27519.
3, 9173
List the prime factors of 2174.
2, 1087
What are the prime factors of 23177?
7, 11, 43
What are the prime factors of 1635?
3, 5, 109
List the prime factors of 4821.
3, 1607
What are the prime factors of 59221?
59221
List the prime factors of 13168.
2, 823
List the prime factors of 2647.
2647
What are the prime factors of 57452?
2, 53, 271
List the prime factors of 1226.
2, 613
List the prime factors of 21965.
5, 23, 191
What are the prime factors of 24940?
2, 5, 29, 43
What are the prime factors of 45197?
45197
List the prime factors of 8883.
3, 7, 47
List the prime factors of 1311.
3, 19, 23
List the prime factors of 39523.
11, 3593
What are the prime factors of 32859?
3, 1217
What are the prime factors of 2101?
11, 191
What are the prime factors of 90996?
2, 3, 7583
What are the prime factors of 6157?
47, 131
What are the prime factors of 1159?
19, 61
What are the prime factors of 3352?
2, 419
What are the prime factors of 1479?
3, 17, 29
List the prime factors of 4061.
31, 131
List the prime factors of 9122.
2, 4561
What are the prime factors of 767?
13, 59
List the prime factors of 12896.
2, 13, 31
What are the prime factors of 15425?
5, 617
List the prime factors of 93.
3, 31
What are the prime factors of 787?
787
List the prime factors of 69790.
2, 5, 7, 997
What are the prime factors of 23534?
2, 7, 41
What are the prime factors of 2138?
2, 1069
List the prime factors of 51257.
51257
List the prime factors of 15777.
3, 1753
What are the prime factors of 1749?
3, 11, 53
What are the prime factors of 1307?
1307
List the prime factors of 8770.
2, 5, 877
List the prime factors of 10929.
3, 3643
What are the prime factors of 21?
3, 7
What are the prime factors of 298?
2, 149
What are the prime factors of 8042?
2, 4021
List the prime factors of 1970.
2, 5, 197
What are the prime factors of 20454?
2, 3, 7, 487
List the prime factors of 24285.
3, 5, 1619
List the prime factors of 2843.
2843
List the prime factors of 365.
5, 73
What are the prime factors of 26738?
2, 29, 461
What are the prime factors of 1939?
7, 277
List the prime factors of 46698.
2, 3, 43, 181
List the prime factors of 79224.
2, 3, 3301
What are the prime factors of 6663?
3, 2221
What are the prime factors of 2031?
3, 677
List the prime factors of 1650.
2, 3, 5, 11
What are the prime factors of 450?
2, 3, 5
What are the prime factors of 4953?
3, 13, 127
List the prime factors of 14662.
2, 7331
What are the prime factors of 317?
317
List the prime factors of 3826.
2, 1913
List the prime factors of 5253.
3, 17, 103
What are the prime factors of 650?
2, 5, 13
List the prime factors of 5237.
5237
What are the prime factors of 21122?
2, 59, 179
What are the prime factors of 1850?
2, 5, 37
List the prime factors of 1368.
2, 3, 19
What are the prime factors of 1409?
1409
List the prime factors of 40716.
2, 3, 13, 29
List the prime factors of 4349.
4349
List the prime factors of 1287.
3, 11, 13
List the prime factors of 2371.
2371
What are the prime factors of 1614?
2, 3, 269
List the prime factors of 128.
2
What are the prime factors of 1602?
2, 3, 89
List the prime factors of 110217.
3, 36739
List the prime factors of 554.
2, 277
List the prime factors of 15949.
41, 389
List the prime factors of 150836.
2, 7, 5387
List the prime factors of 1061.
1061
What are the prime factors of 75891?
3, 41, 617
What are the prime factors of 1362?
2, 3, 227
List the prime factors of 25509.
3, 11, 773
What are the prime factors of 41959?
41959
What are the prime factors of 4370?
2, 5, 19, 23
List the prime factors of 9.
3
List the prime factors of 2220.
2, 3, 5, 37
What are the prime factors of 9614?
2, 11, 19, 23
What are the prime factors of 32409?
3, 13, 277
List the prime factors of 4800.
2, 3, 5
What are the prime factors of 1695?
3, 5, 113
What are the prime factors of 1782?
2, 3, 11
List the prime factors of 24961.
109, 229
List the prime factors of 4616.
2, 577
What are the prime factors of 1298?
2, 11, 59
What are the prime factors of 598?
2, 13, 23
List the prime factors of 2199.
3, 733
What are the prime factors of 2085?
3, 5, 139
What are the prime factors of 934?
2, 467
List the prime factors of 79.
79
What are the prime factors of 462?
2, 3, 7, 11
What are the prime factors of 101533?
101533
List the prime factors of 1959.
3, 653
List the prime factors of 8590.
2, 5, 859
What are the prime factors of 25995?
3, 5, 1733
List the prime factors of 29482.
2, 14741
List the prime factors of 13966.
2, 6983
List the prime factors of 61817.
7, 8831
What are the prime factors of 301?
7, 43
List the prime factors of 20693.
20693
List the prime factors of 86252.
2, 21563
List the prime factors of 14986.
2, 59, 127
List the prime factors of 1565.
5, 313
List the prime factors of 1504.
2, 47
What are the prime factors of 46266?
2, 3, 11, 701
What are the prime factors of 17344?
2, 271
List the prime factors of 1475.
5, 59
List the prime factors of 3193.
31, 103
What are the prime factors of 2167?
11, 197
List the prime factors of 135137.
337, 401
What are the prime factors of 2720?
2, 5, 17
What are the prime factors of 11532?
2, 3, 31
List the prime factors of 23262.
2, 3, 3877
List the prime factors of 6855.
3, 5, 457
What are the prime factors of 18140?
2, 5, 907
What are the prime factors of 16372?
2, 4093
List the prime factors of 7916.
2, 1979
List the prime factors of 655.
5, 131
List the prime factors of 833.
7, 17
List the prime factors of 36544.
2, 571
What are the prime factors of 12512?
2, 17, 23
What are the prime factors of 3168?
2, 3, 11
What are the prime factors of 1770?
2, 3, 5, 59
List the prime factors of 3781.
19, 199
List the prime factors of 21547.
29, 743
What are the prime factors of 908?
2, 227
What are the prime factors of 583?
11, 53
List the prime factors of 527.
17, 31
List the prime factors of 94.
2, 47
What are the prime factors of 488?
2, 61
List the prime